et l(i) = 19*i + 31. Let z be l(5). What is the highest common divisor of z and n?
18
Suppose 0 = 13*v - 10*v - 363. Let z = -670 + 966. Let w = z - v. What is the greatest common factor of 35 and w?
35
Suppose 0 = -0*o - 5*o - 2315. Suppose 0 = -z + 5*b - 85, -5*b + 153 = -3*z - 102. Let h = z - o. Calculate the highest common factor of h and 42.
42
Suppose -80 = -12*m + 28. Let a = m + 271. What is the highest common divisor of 35 and a?
35
Let i(k) = k + 45. Suppose 20 = -2*h - 20. Let x be i(h). Let n = x - -23. Calculate the highest common divisor of 64 and n.
16
Let k = 94 - -2966. Calculate the highest common factor of 136 and k.
68
Let g be 827 - 5694/78 - (-1)/(0 - -1). What is the highest common factor of 4832 and g?
151
Suppose 6*d = 503 - 485. Suppose -224 = -5*v + d*n, -11*n + 9*n = -3*v + 135. What is the highest common factor of 43 and v?
43
Let j(i) = -5*i + 24. Suppose -10*x - 168 = 18*x. Let b be j(x). What is the greatest common divisor of b and 18?
18
Suppose 0 = 10*p - 490 - 1220. Suppose 12*s = -p + 555. What is the highest common divisor of s and 12?
4
Let z = 30 - 17. Let u be ((-42504)/(-726) - 58)/(2/143). What is the highest common factor of z and u?
13
Suppose -6*v - 87*v + 6111 = -13977. Calculate the highest common divisor of v and 1152.
72
Let x be (804/9)/(36/27). Let z be 1*4 + (x - 26). Let a(f) = f**2 + 5*f + 4. Let y be a(-7). What is the greatest common divisor of z and y?
9
Let h = 4331 - 6077. Let i be (h/24)/((-1)/4). Calculate the greatest common divisor of i and 388.
97
Suppose -4*a = g - 32492, 97*g = 3*a + 103*g - 24390. What is the greatest common factor of 786 and a?
262
Let g = -185 + 66. Let j = 121 + g. Calculate the highest common factor of j and 86.
2
Let c be (3/(-2 - 1) - -22) + -337 + 333. What is the highest common factor of c and 12240?
17
Let u = -259319 - -259372. Let k(m) = -m**2 + m + 2. Let d be k(0). Calculate the highest common divisor of d and u.
1
Let r = 270 - 240. Let u = -14 - -289. Let y = u + -95. Calculate the greatest common divisor of r and y.
30
Suppose 30*a - 98 - 218 = 44. Calculate the highest common factor of 183 and a.
3
Let q be (-2513)/(-1) + -1 + 144/12. What is the greatest common divisor of 8 and q?
4
Let g(u) = 3*u + 59. Let j be g(-19). Let m be ((-10)/j)/(-5)*100. Calculate the greatest common factor of m and 4.
4
Let p be (-18 + 14)*(-3)/(-4) - -171. What is the greatest common factor of 84 and p?
84
Let h(m) = -m**3 + 27*m**2 + 22*m + 33. Let r be h(27). What is the greatest common factor of 759 and r?
33
Let n = 178 - 178. Suppose 2*o + 3*p - 127 = n, 3 = 4*p - 17. Calculate the highest common factor of 35 and o.
7
Let y be 4*283 - (240 + -260). Calculate the greatest common factor of 204 and y.
12
Let z be (-24 - -12)*42/(-8). Suppose 5*d + 2*k = 165, 3*d + k - 37 = z. Calculate the highest common factor of d and 84.
7
Suppose 98*j = 106*j + 560. Let b = j + 238. Calculate the greatest common divisor of 42 and b.
42
Let h = 8253 + -8067. What is the highest common factor of 312 and h?
6
Suppose c - 1151 - 1165 = -5*p, -3*c - 444 = -p. What is the greatest common divisor of 294 and p?
42
Let w = 37 + -10. Suppose 0 = v - 5*a - 358, 104*v + 2*a = 105*v - 343. Calculate the highest common divisor of v and w.
9
Let w be (-1 - -19)/(-3) + 159. Calculate the highest common divisor of 2193 and w.
51
Suppose -5 = 2*g - 201. Suppose -9*s + 4*f = -4*s - g, 0 = 5*f - 15. Calculate the highest common divisor of s and 11.
11
Let n(w) = -101*w - 4. Let t be n(-4). Let b = 105616 + -105600. What is the greatest common divisor of b and t?
16
Suppose 0 = -2*h - 5*v - 10, 23 = 3*h - 4*v + 2*v. Suppose 2*n - 3*n - 2*l = -22, h*n - 2*l - 146 = 0. Calculate the greatest common divisor of 42 and n.
14
Suppose 10*y + 429 = 5*o + 8*y, -o + 5*y = -72. What is the greatest common divisor of o and 411?
3
Suppose x - 1 = 2*b, 3*x - 23 = -b + 3*b. Let m be ((-2)/4)/(((-33)/108)/x). Calculate the greatest common divisor of 36 and m.
18
Suppose 112 - 122 = 5*t. Let r be -2*t/(-10) - 6533/(-695). Calculate the highest common factor of r and 1.
1
Suppose -3576*o + 76 = -3572*o. Let w(i) = i - 4. Let p be w(6). Let c be (25/p)/5*38. What is the highest common divisor of c and o?
19
Let d be (39 - 1) + -2 - -5. Let v = d - 31. Calculate the greatest common divisor of v and 10.
10
Let y be (-29 - 365/(-10))*(0 + 342). What is the greatest common divisor of y and 380?
95
Suppose 0 = 5*n - a - 14881, 33*n + a + 2977 = 34*n. Calculate the highest common factor of n and 36.
12
Let o = -7426 + 7656. Calculate the highest common divisor of o and 24610.
230
Suppose 124*d + 43*d = 673426 + 550350. Calculate the greatest common divisor of d and 229.
229
Suppose -8 = -2*d + 4*a, -d - 2*a - 4 = -4*d. Suppose 8 = -2*u - 5*o, d = -30*u + 28*u - 3*o. Calculate the greatest common divisor of 66 and u.
6
Let q = -4607 + 7366. What is the greatest common divisor of 178 and q?
89
Let q be (-6)/27 + 6960/216. Let f be (-30)/5*(-84)/9. What is the greatest common divisor of f and q?
8
Let n(v) = -v**3 - 46*v**2 - 389*v - 65. Let c be n(-35). Calculate the greatest common divisor of c and 175.
25
Suppose 6069 = 11*d - 2731. Calculate the greatest common divisor of 960 and d.
160
Suppose 0*o = -4*o - 192. Suppose 17*l = 16*l - 2, 2*w - 3*l - 6 = 0. Let n = w - o. Calculate the highest common divisor of n and 12.
12
Suppose -15 = -3*p - 5*v, 4*v - 43 = -3*p - 25. Let r(t) = -t**2 - 6. Let u be r(-4). Let s = 58 - u. What is the highest common factor of s and p?
10
Let p be (-3)/4 - (-93)/36*3. Let k be 6/2 - (3 - p). Suppose f - k*f = -30. What is the greatest common factor of 40 and f?
5
Let r be ((-532)/8)/(13/(-624)). Calculate the highest common divisor of 14 and r.
14
Let z(m) = 7*m + 114. Let v be z(49). Let c = v + -444. What is the highest common factor of c and 1157?
13
Suppose -24*u + 143 = -1. Suppose 3*a = -10 + 49. Let d be (3 + u)/3 + a. Calculate the greatest common divisor of 16 and d.
16
Let h be (11802/28 - 6/4)/((-78)/(-429)). What is the greatest common factor of 2730 and h?
210
Suppose 0 = -m + 78 - 33. Let g = m + -55. Let d be (-5)/g*24*1. Calculate the highest common divisor of 96 and d.
12
Suppose 4*y = -2*p - 3*p + 318, -p = -y - 69. Let k = 151 - 107. What is the highest common divisor of p and k?
22
Suppose -3*n + 6703 = 5*u - 9407, -5*u + n + 16110 = 0. Calculate the greatest common divisor of u and 18.
18
Suppose -4*i - 92 = -4*t, 0 = -5*t + 156*i - 161*i + 125. Calculate the highest common divisor of t and 1884.
12
Let m be -4*2/36 - (-16 - 1092832/72). Calculate the highest common factor of m and 214.
214
Let x(m) = 4*m**3 - 20*m**2 + 8*m + 5. Let s = -838 - -843. Let q be x(s). Let v(u) = 16*u - 1. Let b be v(1). What is the greatest common divisor of q and b?
15
Suppose -113*q - 157*q + 1830 = -87*q. Let c = 5 + -10. Let k be 4 + (3 - q/c). What is the highest common factor of k and 81?
9
Suppose 12*a - 2552 = -884. Suppose 141*c = a*c + 264. Calculate the highest common divisor of 48 and c.
12
Let k be 5340/15 + -1 + 1. Let m = k - 61. Let t = m + -190. Calculate the highest common factor of t and 15.
15
Let x be 5/((-15)/(-18)) - 1. Suppose 2*i = 3*i + 2, -x*j + 113 = -4*i. What is the highest common divisor of j and 49?
7
Suppose 8*t - 180 - 244 = 0. Suppose -833 = -4*n + 3*k, -26*n + 419 = -24*n - k. Calculate the highest common factor of t and n.
53
Let m(t) = -2*t**2 - 229*t - 189. Let k be m(-37). Calculate the highest common divisor of k and 118.
118
Let y be (-3)/(-3 + (-27)/(-10)). Let l = -6545 + 6548. Calculate the greatest common factor of l and y.
1
Suppose 5*b - 2 = 2*z - 11, z - 7 = 3*b. Let v = z + 12. Let h = -942 - -974. What is the highest common factor of v and h?
4
Let r = -129 + 56. Let k = 85 - r. What is the greatest common divisor of 237 and k?
79
Let k(t) = -t**2 - 31*t - 158. Let b be k(-14). What is the greatest common divisor of b and 220?
20
Suppose 2*k + 3*r = 208, 20*k + r = 24*k - 402. What is the greatest common factor of k and 6767?
101
Suppose -20*q + 108 = -8*q. Suppose 13*z - q*z - 128 = 0. What is the highest common factor of 8 and z?
8
Suppose -b = -9*b. Suppose 12*u - 8*u - 124 = b. Let a = u + -10. What is the greatest common divis